ivided by 14?
11
What is the remainder when 10118 is divided by 5039?
40
What is the remainder when 6445 is divided by 8?
5
What is the remainder when 229361 is divided by 32?
17
What is the remainder when 9642 is divided by 2407?
14
What is the remainder when 2773 is divided by 38?
37
Calculate the remainder when 9399 is divided by 1034.
93
Calculate the remainder when 1161 is divided by 83.
82
What is the remainder when 1367911 is divided by 3?
1
What is the remainder when 35580 is divided by 128?
124
Calculate the remainder when 4773 is divided by 2.
1
What is the remainder when 8372593 is divided by 21?
19
What is the remainder when 55025 is divided by 1038?
11
What is the remainder when 5386 is divided by 5375?
11
What is the remainder when 721882 is divided by 72?
10
Calculate the remainder when 37069 is divided by 22.
21
What is the remainder when 2833 is divided by 221?
181
Calculate the remainder when 21708 is divided by 4338.
18
What is the remainder when 19185 is divided by 106?
105
Calculate the remainder when 719063 is divided by 79895.
8
Calculate the remainder when 1077596 is divided by 600.
596
What is the remainder when 25665 is divided by 851?
135
What is the remainder when 19789 is divided by 9863?
63
What is the remainder when 401938 is divided by 132?
130
Calculate the remainder when 585887 is divided by 35.
22
What is the remainder when 104507 is divided by 218?
85
What is the remainder when 19986 is divided by 155?
146
Calculate the remainder when 22042 is divided by 3145.
27
Calculate the remainder when 8069 is divided by 14.
5
Calculate the remainder when 11603 is divided by 219.
215
What is the remainder when 882 is divided by 459?
423
What is the remainder when 10290 is divided by 33?
27
Calculate the remainder when 9693 is divided by 98.
89
What is the remainder when 65150 is divided by 27?
26
Calculate the remainder when 93676 is divided by 41.
32
Calculate the remainder when 3680 is divided by 105.
5
Calculate the remainder when 489327 is divided by 952.
951
What is the remainder when 10496 is divided by 15?
11
What is the remainder when 397771 is divided by 229?
227
What is the remainder when 874 is divided by 12?
10
What is the remainder when 12537 is divided by 4154?
75
What is the remainder when 55157 is divided by 27571?
15
Calculate the remainder when 6050 is divided by 3018.
14
Calculate the remainder when 84674 is divided by 42234.
206
Calculate the remainder when 1561 is divided by 265.
236
What is the remainder when 1820531 is divided by 15?
11
Calculate the remainder when 10431 is divided by 326.
325
Calculate the remainder when 9509 is divided by 2163.
857
Calculate the remainder when 5754 is divided by 98.
70
What is the remainder when 33296 is divided by 3025?
21
Calculate the remainder when 9594 is divided by 4794.
6
What is the remainder when 75998 is divided by 478?
474
What is the remainder when 1836 is divided by 345?
111
Calculate the remainder when 401418 is divided by 463.
460
Calculate the remainder when 11609 is divided by 5782.
45
What is the remainder when 12738 is divided by 106?
18
What is the remainder when 57453 is divided by 72?
69
Calculate the remainder when 9607 is divided by 108.
103
Calculate the remainder when 4416 is divided by 716.
120
Calculate the remainder when 391938 is divided by 99.
96
Calculate the remainder when 69257 is divided by 32.
9
Calculate the remainder when 4692 is divided by 37.
30
What is the remainder when 2985 is divided by 362?
89
What is the remainder when 154101 is divided by 35?
31
What is the remainder when 206732 is divided by 119?
29
Calculate the remainder when 9479 is divided by 231.
8
Calculate the remainder when 16679 is divided by 467.
334
What is the remainder when 350 is divided by 241?
109
What is the remainder when 15472 is divided by 515?
22
What is the remainder when 7595 is divided by 244?
31
What is the remainder when 814 is divided by 56?
30
What is the remainder when 2300 is divided by 404?
280
What is the remainder when 726293 is divided by 270?
263
What is the remainder when 2633 is divided by 191?
150
What is the remainder when 22928 is divided by 1624?
192
Calculate the remainder when 166850 is divided by 146.
118
Calculate the remainder when 1620121 is divided by 514.
507
Calculate the remainder when 193495 is divided by 62.
55
What is the remainder when 9497 is divided by 52?
33
Calculate the remainder when 26267 is divided by 34.
19
What is the remainder when 7708 is divided by 947?
132
What is the remainder when 1216 is divided by 438?
340
What is the remainder when 40391 is divided by 7?
1
What is the remainder when 30152 is divided by 592?
552
What is the remainder when 504383 is divided by 852?
851
Calculate the remainder when 24000 is divided by 98.
88
What is the remainder when 1839 is divided by 259?
26
Calculate the remainder when 1998 is divided by 179.
29
Calculate the remainder when 5122 is divided by 222.
16
What is the remainder when 8843 is divided by 2944?
11
What is the remainder when 14093 is divided by 138?
17
What is the remainder when 5018 is divided by 1668?
14
What is the remainder when 75716 is divided by 5047?
11
Calculate the remainder when 7801 is divided by 260.
1
Calculate the remainder when 838772 is divided by 6.
2
Calculate the remainder when 153031 is divided by 5276.
27
What is the remainder when 1181613 is divided by 16?
13
What is the remainder when 228586 is divided by 802?
16
What is the remainder when 127901 is divided by 8?
5
Calculate the remainder when 2079 is divided by 37.
7
What is the remainder when 166146 is divided by 166103?
43
Calculate the remainder when 286 is divided by 104.
78
Calculate the remainder when 30216 is divided by 6041.
11
What is the remainder when 13259 is divided by 307?
58
What is the remainder when 3559 is divided by 113?
56
What is the remainder when 1041 is divided by 511?
19
Calculate the remainder when 51754 is divided by 2875.
4
Calculate the remainder when 57800 is divided by 1014.
2
What is the remainder when 43215 is divided by 3?
0
What is the remainder when 7880 is divided by 3910?
60
Calculate the remainder when 12344 is divided by 13.
7
Calculate the remainder when 20913 is divided by 444.
45
Calculate the remainder when 81545 is divided by 762.
11
What is the remainder when 117832 is divided by 23565?
7
Calculate the remainder when 1075422 is divided by 21.
12
What is the remainder when 1824139 is divided by 11?
9
What is the remainder when 61066 is divided by 15265?
6
What is the remainder when 14160 is divided by 4708?
36
Calculate the remainder when 5973 is divided by 69.
39
What is the remainder when 6165 is divided by 176?
5
What is the remainder when 434448 is divided by 71?
70
What is the remainder when 7415 is divided by 1606?
991
What is the remainder when 939350 is divided by 24?
14
Calculate the remainder when 211718 is divided by 365.
18
Calculate the remainder when 20406 is divided by 6801.
3
Calculate the remainder when 1778 is divided by 121.
84
What is the remainder when 1141151 is divided by 963?
959
What is the remainder when 42742 is divided by 13?
11
Calculate the remainder when 18270 is divided by 3647.
35
What is the remainder when 147800 is divided by 835?
5
What is the remainder when 32017 is divided by 654?
625
Calculate the remainder when 493598 is divided by 44871.
17
Calculate the remainder when 726501 is divided by 6545.
6
What is the remainder when 35352 is divided by 35343?
9
Calculate the remainder when 9013 is divided by 479.
391
What is the remainder when 8786 is divided by 583?
41
Calculate the remainder when 94393 is divided by 203.
201
Calculate the remainder when 91231 is divided by 45607.
17
What is the remainder when 855 is divided by 48?
39
What is the remainder when 19892 is divided by 19880?
12
What is the remainder when 5380 is divided by 1040?
180
What is the remainder when 4167 is divided by 40?
7
Calculate the remainder when 1130 is divided by 31.
14
What is the remainder when 97544 is divided by 1374?
1364
What is the remainder when 9326 is divided by 859?
736
Calculate the remainder when 55664 is divided by 37.
16
What is the remainder when 1483 is divided by 183?
19
What is the remainder when